{"version":"1.0","provider_name":"PAYS DE LA LOIRE","provider_url":"https:\/\/regions-snetap-fsu.fr\/pdl","author_name":"yvigner","author_url":"https:\/\/regions-snetap-fsu.fr\/pdl\/author\/yvigner\/","title":"Un Conseil Syndical R\u00e9gional de rentr\u00e9e pour le SNETAP-FSU - PAYS DE LA LOIRE","type":"rich","width":600,"height":338,"html":"<blockquote class=\"wp-embedded-content\" data-secret=\"ROY8WFB6QO\"><a href=\"https:\/\/regions-snetap-fsu.fr\/pdl\/2019\/09\/22\/un-conseil-regional-de-rentree\/\">Un Conseil Syndical R\u00e9gional de rentr\u00e9e pour le SNETAP-FSU<\/a><\/blockquote><iframe sandbox=\"allow-scripts\" security=\"restricted\" src=\"https:\/\/regions-snetap-fsu.fr\/pdl\/2019\/09\/22\/un-conseil-regional-de-rentree\/embed\/#?secret=ROY8WFB6QO\" width=\"600\" height=\"338\" title=\"\u00ab\u00a0Un Conseil Syndical R\u00e9gional de rentr\u00e9e pour le SNETAP-FSU\u00a0\u00bb &#8212; PAYS DE LA LOIRE\" data-secret=\"ROY8WFB6QO\" frameborder=\"0\" marginwidth=\"0\" marginheight=\"0\" scrolling=\"no\" class=\"wp-embedded-content\"><\/iframe><script>\n\/*! This file is auto-generated *\/\n!function(d,l){\"use strict\";l.querySelector&&d.addEventListener&&\"undefined\"!=typeof URL&&(d.wp=d.wp||{},d.wp.receiveEmbedMessage||(d.wp.receiveEmbedMessage=function(e){var t=e.data;if((t||t.secret||t.message||t.value)&&!\/[^a-zA-Z0-9]\/.test(t.secret)){for(var s,r,n,a=l.querySelectorAll('iframe[data-secret=\"'+t.secret+'\"]'),o=l.querySelectorAll('blockquote[data-secret=\"'+t.secret+'\"]'),c=new RegExp(\"^https?:$\",\"i\"),i=0;i<o.length;i++)o[i].style.display=\"none\";for(i=0;i<a.length;i++)s=a[i],e.source===s.contentWindow&&(s.removeAttribute(\"style\"),\"height\"===t.message?(1e3<(r=parseInt(t.value,10))?r=1e3:~~r<200&&(r=200),s.height=r):\"link\"===t.message&&(r=new URL(s.getAttribute(\"src\")),n=new URL(t.value),c.test(n.protocol))&&n.host===r.host&&l.activeElement===s&&(d.top.location.href=t.value))}},d.addEventListener(\"message\",d.wp.receiveEmbedMessage,!1),l.addEventListener(\"DOMContentLoaded\",function(){for(var e,t,s=l.querySelectorAll(\"iframe.wp-embedded-content\"),r=0;r<s.length;r++)(t=(e=s[r]).getAttribute(\"data-secret\"))||(t=Math.random().toString(36).substring(2,12),e.src+=\"#?secret=\"+t,e.setAttribute(\"data-secret\",t)),e.contentWindow.postMessage({message:\"ready\",secret:t},\"*\")},!1)))}(window,document);\n\/\/# sourceURL=https:\/\/regions-snetap-fsu.fr\/pdl\/wp-includes\/js\/wp-embed.min.js\n<\/script>\n","description":"Le Jeudi 19 septembre au lyc\u00e9e du Fresne \u00e0 Angers se sont r\u00e9unis les repr\u00e9sentants des sections SNETAP des lyc\u00e9es agricoles lig\u00e9riens afin de faire le point sur la rentr\u00e9e et tracer \u00e0 grands traits la future ann\u00e9e scolaire.\u00a0 C&rsquo;est une rentr\u00e9e morose \u00e0 laquelle nous assistons. La r\u00e9forme du lyc\u00e9e et l&rsquo;obligation qui nous [&hellip;]","thumbnail_url":"https:\/\/regions-snetap-fsu.fr\/pdl\/wp-content\/uploads\/sites\/4\/2019\/09\/20190919_095634-300x169.jpg"}

Un Conseil Syndical Régional de rentrée pour le SNETAP-FSU - PAYS DE LA LOIRE

<blockquote class="wp-embedded-content" data-secret="ROY8WFB6QO"><a href="https://regions-snetap-fsu.fr/pdl/2019/09/22/un-conseil-regional-de-rentree/">Un Conseil Syndical Régional de rentrée pour le SNETAP-FSU</a></blockquote><iframe sandbox="allow-scripts" security="restricted" src="https://regions-snetap-fsu.fr/pdl/2019/09/22/un-conseil-regional-de-rentree/embed/#?secret=ROY8WFB6QO" width="600" height="338" title="« Un Conseil Syndical Régional de rentrée pour le SNETAP-FSU » &#8212; PAYS DE LA LOIRE" data-secret="ROY8WFB6QO" frameborder="0" marginwidth="0" marginheight="0" scrolling="no" class="wp-embedded-content"></iframe><script>
/*! This file is auto-generated */
!function(d,l){"use strict";l.querySelector&&d.addEventListener&&"undefined"!=typeof URL&&(d.wp=d.wp||{},d.wp.receiveEmbedMessage||(d.wp.receiveEmbedMessage=function(e){var t=e.data;if((t||t.secret||t.message||t.value)&&!/[^a-zA-Z0-9]/.test(t.secret)){for(var s,r,n,a=l.querySelectorAll('iframe[data-secret="'+t.secret+'"]'),o=l.querySelectorAll('blockquote[data-secret="'+t.secret+'"]'),c=new RegExp("^https?:$","i"),i=0;i<o.length;i++)o[i].style.display="none";for(i=0;i<a.length;i++)s=a[i],e.source===s.contentWindow&&(s.removeAttribute("style"),"height"===t.message?(1e3<(r=parseInt(t.value,10))?r=1e3:~~r<200&&(r=200),s.height=r):"link"===t.message&&(r=new URL(s.getAttribute("src")),n=new URL(t.value),c.test(n.protocol))&&n.host===r.host&&l.activeElement===s&&(d.top.location.href=t.value))}},d.addEventListener("message",d.wp.receiveEmbedMessage,!1),l.addEventListener("DOMContentLoaded",function(){for(var e,t,s=l.querySelectorAll("iframe.wp-embedded-content"),r=0;r<s.length;r++)(t=(e=s[r]).getAttribute("data-secret"))||(t=Math.random().toString(36).substring(2,12),e.src+="#?secret="+t,e.setAttribute("data-secret",t)),e.contentWindow.postMessage({message:"ready",secret:t},"*")},!1)))}(window,document);
//# sourceURL=https://regions-snetap-fsu.fr/pdl/wp-includes/js/wp-embed.min.js
</script>

Le Jeudi 19 septembre au lycée du Fresne à Angers se sont réunis les représentants des sections SNETAP des lycées agricoles ligériens afin de faire le point sur la rentrée et tracer à grands traits la future année scolaire.  C&rsquo;est une rentrée morose à laquelle nous assistons. La réforme du lycée et l&rsquo;obligation qui nous [&hellip;]
