{"version":"1.0","provider_name":"NOUVELLE AQUITAINE","provider_url":"https:\/\/regions-snetap-fsu.fr\/na","author_name":"olivierb","author_url":"https:\/\/regions-snetap-fsu.fr\/na\/author\/olivierb\/","title":"18 septembre, poursuivons l'action ! - NOUVELLE AQUITAINE","type":"rich","width":600,"height":338,"html":"<blockquote class=\"wp-embedded-content\" data-secret=\"fZkziMMUOq\"><a href=\"https:\/\/regions-snetap-fsu.fr\/na\/2025\/09\/16\/18-septembre-poursuivons-laction\/\">18 septembre, poursuivons l&rsquo;action !<\/a><\/blockquote><iframe sandbox=\"allow-scripts\" security=\"restricted\" src=\"https:\/\/regions-snetap-fsu.fr\/na\/2025\/09\/16\/18-septembre-poursuivons-laction\/embed\/#?secret=fZkziMMUOq\" width=\"600\" height=\"338\" title=\"\u00ab\u00a018 septembre, poursuivons l&rsquo;action !\u00a0\u00bb &#8212; NOUVELLE AQUITAINE\" data-secret=\"fZkziMMUOq\" frameborder=\"0\" marginwidth=\"0\" marginheight=\"0\" scrolling=\"no\" class=\"wp-embedded-content\"><\/iframe><script>\n\/*! This file is auto-generated *\/\n!function(d,l){\"use strict\";l.querySelector&&d.addEventListener&&\"undefined\"!=typeof URL&&(d.wp=d.wp||{},d.wp.receiveEmbedMessage||(d.wp.receiveEmbedMessage=function(e){var t=e.data;if((t||t.secret||t.message||t.value)&&!\/[^a-zA-Z0-9]\/.test(t.secret)){for(var s,r,n,a=l.querySelectorAll('iframe[data-secret=\"'+t.secret+'\"]'),o=l.querySelectorAll('blockquote[data-secret=\"'+t.secret+'\"]'),c=new RegExp(\"^https?:$\",\"i\"),i=0;i<o.length;i++)o[i].style.display=\"none\";for(i=0;i<a.length;i++)s=a[i],e.source===s.contentWindow&&(s.removeAttribute(\"style\"),\"height\"===t.message?(1e3<(r=parseInt(t.value,10))?r=1e3:~~r<200&&(r=200),s.height=r):\"link\"===t.message&&(r=new URL(s.getAttribute(\"src\")),n=new URL(t.value),c.test(n.protocol))&&n.host===r.host&&l.activeElement===s&&(d.top.location.href=t.value))}},d.addEventListener(\"message\",d.wp.receiveEmbedMessage,!1),l.addEventListener(\"DOMContentLoaded\",function(){for(var e,t,s=l.querySelectorAll(\"iframe.wp-embedded-content\"),r=0;r<s.length;r++)(t=(e=s[r]).getAttribute(\"data-secret\"))||(t=Math.random().toString(36).substring(2,12),e.src+=\"#?secret=\"+t,e.setAttribute(\"data-secret\",t)),e.contentWindow.postMessage({message:\"ready\",secret:t},\"*\")},!1)))}(window,document);\n\/\/# sourceURL=https:\/\/regions-snetap-fsu.fr\/na\/wp-includes\/js\/wp-embed.min.js\n<\/script>\n","thumbnail_url":"https:\/\/regions-snetap-fsu.fr\/na\/wp-content\/uploads\/sites\/3\/2025\/09\/18Sept_Affichette_A5bis.jpg","thumbnail_width":1625,"thumbnail_height":969,"description":"Apr\u00e8s la mobilisation r\u00e9ussie du 10 septembre, l\u2019ensemble des organisations syndicales appellent \u00e0 poursuivre la mobilisation pour un budget de justice sociale. Elles appellent les agentes et agents publics \u00e0 se mobiliser massivement \u00e0 l\u2019occasion de la journ\u00e9e de mobilisation du 18 septembre 2025. Elles appellent \u00e0 participer \u00e0 la gr\u00e8ve et aux diff\u00e9rentes manifestations [&hellip;]"}

Après la mobilisation réussie du 10 septembre, l’ensemble des organisations syndicales appellent à poursuivre la mobilisation pour un budget de justice sociale. Elles appellent les agentes et agents publics à se mobiliser massivement à l’occasion de la journée de mobilisation du 18 septembre 2025. Elles appellent à participer à la grève et aux différentes manifestations [&hellip;]
