{"version":"1.0","provider_name":"NOUVELLE AQUITAINE","provider_url":"https:\/\/regions-snetap-fsu.fr\/na","author_name":"el blanco","author_url":"https:\/\/regions-snetap-fsu.fr\/na\/author\/y-le-blanc\/","title":"12 octobre : pour la libert\u00e9 d'expression ! - NOUVELLE AQUITAINE","type":"rich","width":600,"height":338,"html":"<blockquote class=\"wp-embedded-content\" data-secret=\"7cAkkUgGkF\"><a href=\"https:\/\/regions-snetap-fsu.fr\/na\/2020\/10\/05\/12-octobre-pour-la-liberte-dexpression\/\">12 octobre : pour la libert\u00e9 d&rsquo;expression !<\/a><\/blockquote><iframe sandbox=\"allow-scripts\" security=\"restricted\" src=\"https:\/\/regions-snetap-fsu.fr\/na\/2020\/10\/05\/12-octobre-pour-la-liberte-dexpression\/embed\/#?secret=7cAkkUgGkF\" width=\"600\" height=\"338\" title=\"\u00ab\u00a012 octobre : pour la libert\u00e9 d&rsquo;expression !\u00a0\u00bb &#8212; NOUVELLE AQUITAINE\" data-secret=\"7cAkkUgGkF\" frameborder=\"0\" marginwidth=\"0\" marginheight=\"0\" scrolling=\"no\" class=\"wp-embedded-content\"><\/iframe><script>\n\/*! This file is auto-generated *\/\n!function(d,l){\"use strict\";l.querySelector&&d.addEventListener&&\"undefined\"!=typeof URL&&(d.wp=d.wp||{},d.wp.receiveEmbedMessage||(d.wp.receiveEmbedMessage=function(e){var t=e.data;if((t||t.secret||t.message||t.value)&&!\/[^a-zA-Z0-9]\/.test(t.secret)){for(var s,r,n,a=l.querySelectorAll('iframe[data-secret=\"'+t.secret+'\"]'),o=l.querySelectorAll('blockquote[data-secret=\"'+t.secret+'\"]'),c=new RegExp(\"^https?:$\",\"i\"),i=0;i<o.length;i++)o[i].style.display=\"none\";for(i=0;i<a.length;i++)s=a[i],e.source===s.contentWindow&&(s.removeAttribute(\"style\"),\"height\"===t.message?(1e3<(r=parseInt(t.value,10))?r=1e3:~~r<200&&(r=200),s.height=r):\"link\"===t.message&&(r=new URL(s.getAttribute(\"src\")),n=new URL(t.value),c.test(n.protocol))&&n.host===r.host&&l.activeElement===s&&(d.top.location.href=t.value))}},d.addEventListener(\"message\",d.wp.receiveEmbedMessage,!1),l.addEventListener(\"DOMContentLoaded\",function(){for(var e,t,s=l.querySelectorAll(\"iframe.wp-embedded-content\"),r=0;r<s.length;r++)(t=(e=s[r]).getAttribute(\"data-secret\"))||(t=Math.random().toString(36).substring(2,12),e.src+=\"#?secret=\"+t,e.setAttribute(\"data-secret\",t)),e.contentWindow.postMessage({message:\"ready\",secret:t},\"*\")},!1)))}(window,document);\n\/\/# sourceURL=https:\/\/regions-snetap-fsu.fr\/na\/wp-includes\/js\/wp-embed.min.js\n<\/script>\n","thumbnail_url":"https:\/\/regions-snetap-fsu.fr\/na\/wp-content\/uploads\/sites\/3\/2019\/06\/large.png","thumbnail_width":719,"thumbnail_height":609,"description":"https:\/\/www.facebook.com\/snetap\/videos\/3391864437594292 La FSU de la r\u00e9gion Nouvelle Aquitaine (et le SNETAP-FSU) soutient et appelle \u00e0 participer au rassemblement national \u00e0 Poitiers le 12 octobre, premier jour des passages en conseil de discipline (12, 13, 14 et 16 octobre) des quatre enseignant\u00b7es du lyc\u00e9e Desfontaines de Melle. Elle participe aux cadres unitaires d\u00e9non\u00e7ant la r\u00e9pression syndicale, [&hellip;]"}

12 octobre : pour la liberté d'expression ! - NOUVELLE AQUITAINE

<blockquote class="wp-embedded-content" data-secret="7cAkkUgGkF"><a href="https://regions-snetap-fsu.fr/na/2020/10/05/12-octobre-pour-la-liberte-dexpression/">12 octobre : pour la liberté d&rsquo;expression !</a></blockquote><iframe sandbox="allow-scripts" security="restricted" src="https://regions-snetap-fsu.fr/na/2020/10/05/12-octobre-pour-la-liberte-dexpression/embed/#?secret=7cAkkUgGkF" width="600" height="338" title="« 12 octobre : pour la liberté d&rsquo;expression ! » &#8212; NOUVELLE AQUITAINE" data-secret="7cAkkUgGkF" frameborder="0" marginwidth="0" marginheight="0" scrolling="no" class="wp-embedded-content"></iframe><script>
/*! This file is auto-generated */
!function(d,l){"use strict";l.querySelector&&d.addEventListener&&"undefined"!=typeof URL&&(d.wp=d.wp||{},d.wp.receiveEmbedMessage||(d.wp.receiveEmbedMessage=function(e){var t=e.data;if((t||t.secret||t.message||t.value)&&!/[^a-zA-Z0-9]/.test(t.secret)){for(var s,r,n,a=l.querySelectorAll('iframe[data-secret="'+t.secret+'"]'),o=l.querySelectorAll('blockquote[data-secret="'+t.secret+'"]'),c=new RegExp("^https?:$","i"),i=0;i<o.length;i++)o[i].style.display="none";for(i=0;i<a.length;i++)s=a[i],e.source===s.contentWindow&&(s.removeAttribute("style"),"height"===t.message?(1e3<(r=parseInt(t.value,10))?r=1e3:~~r<200&&(r=200),s.height=r):"link"===t.message&&(r=new URL(s.getAttribute("src")),n=new URL(t.value),c.test(n.protocol))&&n.host===r.host&&l.activeElement===s&&(d.top.location.href=t.value))}},d.addEventListener("message",d.wp.receiveEmbedMessage,!1),l.addEventListener("DOMContentLoaded",function(){for(var e,t,s=l.querySelectorAll("iframe.wp-embedded-content"),r=0;r<s.length;r++)(t=(e=s[r]).getAttribute("data-secret"))||(t=Math.random().toString(36).substring(2,12),e.src+="#?secret="+t,e.setAttribute("data-secret",t)),e.contentWindow.postMessage({message:"ready",secret:t},"*")},!1)))}(window,document);
//# sourceURL=https://regions-snetap-fsu.fr/na/wp-includes/js/wp-embed.min.js
</script>

https://www.facebook.com/snetap/videos/3391864437594292 La FSU de la région Nouvelle Aquitaine (et le SNETAP-FSU) soutient et appelle à participer au rassemblement national à Poitiers le 12 octobre, premier jour des passages en conseil de discipline (12, 13, 14 et 16 octobre) des quatre enseignant·es du lycée Desfontaines de Melle. Elle participe aux cadres unitaires dénonçant la répression syndicale, [&hellip;]
