{"id":251,"date":"2018-09-26T01:08:51","date_gmt":"2018-09-25T23:08:51","guid":{"rendered":"https:\/\/regions-snetap-fsu.fr\/idf\/?page_id=251"},"modified":"2020-10-06T21:17:06","modified_gmt":"2020-10-06T19:17:06","slug":"formation-initiale-et-continue","status":"publish","type":"page","link":"https:\/\/regions-snetap-fsu.fr\/idf\/en-cas-de-besoin\/formation-initiale-et-continue\/","title":{"rendered":"Concours et formation continue"},"content":{"rendered":"<p>Dans cette rubrique, vous trouverez les liens ou les textes li\u00e9s aux concours que propose le minist\u00e8re de l&rsquo;agriculture, l&rsquo;ann\u00e9e de stage\u00a0 (uniquement pour les enseignants et CPE), ainsi que des \u00e9l\u00e9ments au sujet de la formation continue.<\/p>\n<hr \/>\n<p style=\"text-align: center\"><span style=\"color: #339966\"><strong><span style=\"font-size: 18pt\"><a style=\"color: #339966\" href=\"http:\/\/www.concours.agriculture.gouv.fr\/\" target=\"_blank\" rel=\"noopener noreferrer\">Cliquez ici pour une inscription \u00e0 un concours du minist\u00e8re<\/a><\/span><\/strong><\/span><\/p>\n<p><span style=\"color: #339966\"><a style=\"color: #339966\" href=\"https:\/\/regions-snetap-fsu.fr\/idf\/wp-content\/uploads\/sites\/11\/2020\/10\/NDS-recrutement-agent-handicap-contractuel_0914.pdf\" target=\"_blank\" rel=\"noopener noreferrer\">Note de service en vigueur pour un ACEN en situation de handicap qui souhaite \u00eatre titularis\u00e9<\/a><\/span><\/p>\n<hr \/>\n<p style=\"text-align: center\"><strong><span style=\"font-size: 18pt\">La formation apr\u00e8s un concours enseignant\/CPE : <span style=\"color: #339966\"><a style=\"color: #339966\" href=\"http:\/\/www.ensfea.fr\/formation\/concours-de-lenseignement-agricole\/formation-laureats-concours\/\" target=\"_blank\" rel=\"noopener noreferrer\">ENSFEA<\/a><\/span><\/span><\/strong><\/p>\n<hr \/>\n<p style=\"text-align: center\"><strong><span style=\"font-size: 18pt\">La formation continue<\/span>\u00a0<\/strong><\/p>\n<p>Depuis le 1er septembre 2020, toutes les d\u00e9marches de formation continue pour un agent d&rsquo;un EPL sont regroup\u00e9s dans ce memento (\u00e0 la demande du snetap r\u00e9gional) :<\/p>\n<p><span style=\"color: #339966\"><a style=\"color: #339966\" href=\"https:\/\/regions-snetap-fsu.fr\/idf\/wp-content\/uploads\/sites\/11\/2020\/10\/Memento_formcoVF_-_agents_EPLEFPA_-_MAJ_27.07.2020.pdf\" target=\"_blank\" rel=\"noopener noreferrer\">Memento formation continue DRIAAF_2020<\/a><\/span><\/p>\n<p><span style=\"color: #339966\"><a style=\"color: #339966\" href=\"https:\/\/regions-snetap-fsu.fr\/idf\/wp-content\/uploads\/sites\/11\/2020\/10\/SAFO-fiche-inscription-MODIFIABLE-2020.doc\">SAFO- fiche inscription MODIFIABLE &#8211; 2020<\/a><\/span><\/p>\n<div class=\"texte\">\n<div class=\"texte\">\n<p>&nbsp;<\/p>\n<\/div>\n<\/div>\n<div class=\"texte\">\n<div class=\"texte\">\n<hr \/>\n<\/div>\n<p style=\"text-align: center\"><span style=\"font-size: 18pt\"><strong>Le compte personnel formation (CPF)<\/strong><\/span><\/p>\n<p><span style=\"color: #339966\"><a style=\"color: #339966\" href=\"https:\/\/info.agriculture.gouv.fr\/gedei\/site\/bo-agri\/instruction-2018-451\" target=\"_blank\" rel=\"noopener noreferrer\">Note de service de r\u00e9f\u00e9rence<\/a>\u00a0<\/span><\/p>\n<p>Campagne CPF 2020\u00a0 \u00a0 :<\/p>\n<p>&#8211; Principe des heures d\u2019acquisition sur le CPF pour 2020<br \/>\n&#8211; Sur l\u2019utilisation du Compte Personnel de Formation : demandes de pr\u00e9paration concours et demande de formation au-del\u00e0 des jours autoris\u00e9 par le statut de l\u2019agent<br \/>\n&#8211; Sur des demandes de financement de formation:<br \/>\n* 2 p\u00e9riodes pour les d\u00e9p\u00f4ts des demandes :<br \/>\ndu 01\/01 au 29\/02\/2020 ; du 01\/06 au 31\/08\/2020<br \/>\n* la demande se fait aupr\u00e8s de son employeur en renseignant le dossier annex\u00e9 \u00e0 la <span style=\"color: #339966\"><a style=\"color: #339966\" href=\"https:\/\/info.agriculture.gouv.fr\/gedei\/site\/bo-agri\/instruction-2018-451\" target=\"_blank\" rel=\"noopener noreferrer\">note de service de r\u00e9f\u00e9rence<\/a><\/span><br \/>\n&#8211; Sp\u00e9cificit\u00e9 des agents de cat. C<\/p>\n<hr \/>\n<p style=\"text-align: center\"><strong><span style=\"font-size: 18pt\">Le parcours de professionnalisation<\/span>\u00a0\u00a0<\/strong><\/p>\n<p>Le parcours de professionnalisation est un dispositif d\u2019accompagnement individualis\u00e9 mis en place pour les agents effectuant une mobilit\u00e9 et qui ont un besoin significatif d\u2019acquisition de comp\u00e9tences pour assurer leurs nouvelles fonctions.<\/p>\n<p>Tous les agents du minist\u00e8re, titulaires ou contractuels, quel que soit leur secteur d\u2019activit\u00e9s (administration centrale, services d\u00e9concentr\u00e9s, enseignement agricole), peuvent b\u00e9n\u00e9ficier d\u2019un parcours de professionnalisation.<\/p>\n<p>La seule condition pr\u00e9alable est d\u2019avoir re\u00e7u un avis favorable lors d\u2019une CAP pour une mobilit\u00e9 interne ou externe.<\/p>\n<p>Le parcours de professionnalisation se d\u00e9roule sur une dur\u00e9e d\u2019environ 6 mois avec une alternance entre actions de formation et phase d\u2019activit\u00e9 sur le poste occup\u00e9. Il comporte 4 \u00e9tapes\u00a0:<\/p>\n<ol class=\"spip\">\n<li>Le diagnostic de comp\u00e9tences r\u00e9alis\u00e9 par l\u2019IGAPS et, le cas \u00e9ch\u00e9ant, l\u2019inspecteur de l\u2019enseignement agricole en collaboration avec le d\u00e9l\u00e9gu\u00e9 r\u00e9gional \u00e0 la formation continue (DRFC), le chef de service de d\u00e9part et le chef de service d\u2019arriv\u00e9e de l\u2019agent.<\/li>\n<li>Le volet ing\u00e9nierie relatif au choix des formations qui vont constituer le parcours de l\u2019agent. Ce travail est r\u00e9alis\u00e9 par le DRFC.<\/li>\n<li>La formalisation du parcours avec la r\u00e9daction d\u2019une convention sign\u00e9e par l\u2019agent, l\u2019IGAPS ou l\u2019Inspecteur de l\u2019enseignement agricole, le DRFC et le chef du service d\u2019arriv\u00e9e.<\/li>\n<li>La cl\u00f4ture et l\u2019\u00e9valuation du parcours de professionnalisation entre l\u2019IGAPS, l\u2019agent, le DRFC et le chef du service d\u2019arriv\u00e9e.<\/li>\n<\/ol>\n<p><strong>Pour en savoir plus\u00a0: <\/strong><\/p>\n<ul class=\"spip\">\n<li>Note de service <span style=\"color: #339966\"><a style=\"color: #339966\" href=\"https:\/\/info.agriculture.gouv.fr\/gedei\/site\/bo-agri\/instruction-2016-211\" target=\"_blank\" rel=\"noopener noreferrer\">SG\/SRH\/SDDPRS\/2016-211 du 10-03-2016<\/a><\/span>\u00a0: Nouvelles dispositions relatives \u00e0 la mise en \u0153uvre des parcours de professionnalisation au minist\u00e8re de l\u2019agriculture, de l\u2019alimentation et de la for\u00eat (MAAF).<\/li>\n<\/ul>\n<\/div>\n<p>&nbsp;<\/p>\n","protected":false},"excerpt":{"rendered":"<p>Dans cette rubrique, vous trouverez les liens ou les textes li\u00e9s aux concours que propose le minist\u00e8re de l&rsquo;agriculture, l&rsquo;ann\u00e9e de stage\u00a0 (uniquement pour les enseignants et CPE), ainsi que des \u00e9l\u00e9ments au sujet de la formation continue. Cliquez ici pour une inscription \u00e0 un concours du minist\u00e8re Note de service en vigueur pour un [&hellip;]<\/p>\n","protected":false},"author":104,"featured_media":0,"parent":76,"menu_order":0,"comment_status":"closed","ping_status":"closed","template":"","meta":{"ocean_post_layout":"","ocean_both_sidebars_style":"","ocean_both_sidebars_content_width":0,"ocean_both_sidebars_sidebars_width":0,"ocean_sidebar":"0","ocean_second_sidebar":"0","ocean_disable_margins":"enable","ocean_add_body_class":"","ocean_shortcode_before_top_bar":"","ocean_shortcode_after_top_bar":"","ocean_shortcode_before_header":"","ocean_shortcode_after_header":"","ocean_has_shortcode":"","ocean_shortcode_after_title":"","ocean_shortcode_before_footer_widgets":"","ocean_shortcode_after_footer_widgets":"","ocean_shortcode_before_footer_bottom":"","ocean_shortcode_after_footer_bottom":"","ocean_display_top_bar":"default","ocean_display_header":"default","ocean_header_style":"","ocean_center_header_left_menu":"0","ocean_custom_header_template":"0","ocean_custom_logo":0,"ocean_custom_retina_logo":0,"ocean_custom_logo_max_width":0,"ocean_custom_logo_tablet_max_width":0,"ocean_custom_logo_mobile_max_width":0,"ocean_custom_logo_max_height":0,"ocean_custom_logo_tablet_max_height":0,"ocean_custom_logo_mobile_max_height":0,"ocean_header_custom_menu":"0","ocean_menu_typo_font_family":"0","ocean_menu_typo_font_subset":"","ocean_menu_typo_font_size":0,"ocean_menu_typo_font_size_tablet":0,"ocean_menu_typo_font_size_mobile":0,"ocean_menu_typo_font_size_unit":"px","ocean_menu_typo_font_weight":"","ocean_menu_typo_font_weight_tablet":"","ocean_menu_typo_font_weight_mobile":"","ocean_menu_typo_transform":"","ocean_menu_typo_transform_tablet":"","ocean_menu_typo_transform_mobile":"","ocean_menu_typo_line_height":0,"ocean_menu_typo_line_height_tablet":0,"ocean_menu_typo_line_height_mobile":0,"ocean_menu_typo_line_height_unit":"","ocean_menu_typo_spacing":0,"ocean_menu_typo_spacing_tablet":0,"ocean_menu_typo_spacing_mobile":0,"ocean_menu_typo_spacing_unit":"","ocean_menu_link_color":"","ocean_menu_link_color_hover":"","ocean_menu_link_color_active":"","ocean_menu_link_background":"","ocean_menu_link_hover_background":"","ocean_menu_link_active_background":"","ocean_menu_social_links_bg":"","ocean_menu_social_hover_links_bg":"","ocean_menu_social_links_color":"","ocean_menu_social_hover_links_color":"","ocean_disable_title":"default","ocean_disable_heading":"default","ocean_post_title":"","ocean_post_subheading":"","ocean_post_title_style":"","ocean_post_title_background_color":"","ocean_post_title_background":0,"ocean_post_title_bg_image_position":"","ocean_post_title_bg_image_attachment":"","ocean_post_title_bg_image_repeat":"","ocean_post_title_bg_image_size":"","ocean_post_title_height":0,"ocean_post_title_bg_overlay":0.5,"ocean_post_title_bg_overlay_color":"","ocean_disable_breadcrumbs":"default","ocean_breadcrumbs_color":"","ocean_breadcrumbs_separator_color":"","ocean_breadcrumbs_links_color":"","ocean_breadcrumbs_links_hover_color":"","ocean_display_footer_widgets":"default","ocean_display_footer_bottom":"default","ocean_custom_footer_template":"0","footnotes":""},"folder":[],"class_list":["post-251","page","type-page","status-publish","hentry","entry"],"yoast_head":"<!-- This site is optimized with the Yoast SEO plugin v27.4 - https:\/\/yoast.com\/product\/yoast-seo-wordpress\/ -->\n<title>Concours et formation continue - \u00ceLE-DE-FRANCE<\/title>\n<meta name=\"robots\" content=\"index, follow, max-snippet:-1, max-image-preview:large, max-video-preview:-1\" \/>\n<link rel=\"canonical\" href=\"https:\/\/regions-snetap-fsu.fr\/idf\/en-cas-de-besoin\/formation-initiale-et-continue\/\" \/>\n<meta property=\"og:locale\" content=\"fr_FR\" \/>\n<meta property=\"og:type\" content=\"article\" \/>\n<meta property=\"og:title\" content=\"Concours et formation continue - \u00ceLE-DE-FRANCE\" \/>\n<meta property=\"og:description\" content=\"Dans cette rubrique, vous trouverez les liens ou les textes li\u00e9s aux concours que propose le minist\u00e8re de l&rsquo;agriculture, l&rsquo;ann\u00e9e de stage\u00a0 (uniquement pour les enseignants et CPE), ainsi que des \u00e9l\u00e9ments au sujet de la formation continue. Cliquez ici pour une inscription \u00e0 un concours du minist\u00e8re Note de service en vigueur pour un [&hellip;]\" \/>\n<meta property=\"og:url\" content=\"https:\/\/regions-snetap-fsu.fr\/idf\/en-cas-de-besoin\/formation-initiale-et-continue\/\" \/>\n<meta property=\"og:site_name\" content=\"\u00ceLE-DE-FRANCE\" \/>\n<meta property=\"article:modified_time\" content=\"2020-10-06T19:17:06+00:00\" \/>\n<meta name=\"twitter:card\" content=\"summary_large_image\" \/>\n<meta name=\"twitter:label1\" content=\"Dur\u00e9e de lecture estim\u00e9e\" \/>\n\t<meta name=\"twitter:data1\" content=\"3 minutes\" \/>\n<script type=\"application\/ld+json\" class=\"yoast-schema-graph\">{\"@context\":\"https:\\\/\\\/schema.org\",\"@graph\":[{\"@type\":\"WebPage\",\"@id\":\"https:\\\/\\\/regions-snetap-fsu.fr\\\/idf\\\/en-cas-de-besoin\\\/formation-initiale-et-continue\\\/\",\"url\":\"https:\\\/\\\/regions-snetap-fsu.fr\\\/idf\\\/en-cas-de-besoin\\\/formation-initiale-et-continue\\\/\",\"name\":\"Concours et formation continue - \u00ceLE-DE-FRANCE\",\"isPartOf\":{\"@id\":\"https:\\\/\\\/regions-snetap-fsu.fr\\\/idf\\\/#website\"},\"datePublished\":\"2018-09-25T23:08:51+00:00\",\"dateModified\":\"2020-10-06T19:17:06+00:00\",\"breadcrumb\":{\"@id\":\"https:\\\/\\\/regions-snetap-fsu.fr\\\/idf\\\/en-cas-de-besoin\\\/formation-initiale-et-continue\\\/#breadcrumb\"},\"inLanguage\":\"fr-FR\",\"potentialAction\":[{\"@type\":\"ReadAction\",\"target\":[\"https:\\\/\\\/regions-snetap-fsu.fr\\\/idf\\\/en-cas-de-besoin\\\/formation-initiale-et-continue\\\/\"]}]},{\"@type\":\"BreadcrumbList\",\"@id\":\"https:\\\/\\\/regions-snetap-fsu.fr\\\/idf\\\/en-cas-de-besoin\\\/formation-initiale-et-continue\\\/#breadcrumb\",\"itemListElement\":[{\"@type\":\"ListItem\",\"position\":1,\"name\":\"Accueil\",\"item\":\"https:\\\/\\\/regions-snetap-fsu.fr\\\/idf\\\/\"},{\"@type\":\"ListItem\",\"position\":2,\"name\":\"En cas de besoin\",\"item\":\"https:\\\/\\\/regions-snetap-fsu.fr\\\/idf\\\/en-cas-de-besoin\\\/\"},{\"@type\":\"ListItem\",\"position\":3,\"name\":\"Concours et formation continue\"}]},{\"@type\":\"WebSite\",\"@id\":\"https:\\\/\\\/regions-snetap-fsu.fr\\\/idf\\\/#website\",\"url\":\"https:\\\/\\\/regions-snetap-fsu.fr\\\/idf\\\/\",\"name\":\"\u00ceLE-DE-FRANCE\",\"description\":\"Le blog de la Section R\u00e9gionale\",\"potentialAction\":[{\"@type\":\"SearchAction\",\"target\":{\"@type\":\"EntryPoint\",\"urlTemplate\":\"https:\\\/\\\/regions-snetap-fsu.fr\\\/idf\\\/?s={search_term_string}\"},\"query-input\":{\"@type\":\"PropertyValueSpecification\",\"valueRequired\":true,\"valueName\":\"search_term_string\"}}],\"inLanguage\":\"fr-FR\"}]}<\/script>\n<!-- \/ Yoast SEO plugin. -->","yoast_head_json":{"title":"Concours et formation continue - \u00ceLE-DE-FRANCE","robots":{"index":"index","follow":"follow","max-snippet":"max-snippet:-1","max-image-preview":"max-image-preview:large","max-video-preview":"max-video-preview:-1"},"canonical":"https:\/\/regions-snetap-fsu.fr\/idf\/en-cas-de-besoin\/formation-initiale-et-continue\/","og_locale":"fr_FR","og_type":"article","og_title":"Concours et formation continue - \u00ceLE-DE-FRANCE","og_description":"Dans cette rubrique, vous trouverez les liens ou les textes li\u00e9s aux concours que propose le minist\u00e8re de l&rsquo;agriculture, l&rsquo;ann\u00e9e de stage\u00a0 (uniquement pour les enseignants et CPE), ainsi que des \u00e9l\u00e9ments au sujet de la formation continue. Cliquez ici pour une inscription \u00e0 un concours du minist\u00e8re Note de service en vigueur pour un [&hellip;]","og_url":"https:\/\/regions-snetap-fsu.fr\/idf\/en-cas-de-besoin\/formation-initiale-et-continue\/","og_site_name":"\u00ceLE-DE-FRANCE","article_modified_time":"2020-10-06T19:17:06+00:00","twitter_card":"summary_large_image","twitter_misc":{"Dur\u00e9e de lecture estim\u00e9e":"3 minutes"},"schema":{"@context":"https:\/\/schema.org","@graph":[{"@type":"WebPage","@id":"https:\/\/regions-snetap-fsu.fr\/idf\/en-cas-de-besoin\/formation-initiale-et-continue\/","url":"https:\/\/regions-snetap-fsu.fr\/idf\/en-cas-de-besoin\/formation-initiale-et-continue\/","name":"Concours et formation continue - \u00ceLE-DE-FRANCE","isPartOf":{"@id":"https:\/\/regions-snetap-fsu.fr\/idf\/#website"},"datePublished":"2018-09-25T23:08:51+00:00","dateModified":"2020-10-06T19:17:06+00:00","breadcrumb":{"@id":"https:\/\/regions-snetap-fsu.fr\/idf\/en-cas-de-besoin\/formation-initiale-et-continue\/#breadcrumb"},"inLanguage":"fr-FR","potentialAction":[{"@type":"ReadAction","target":["https:\/\/regions-snetap-fsu.fr\/idf\/en-cas-de-besoin\/formation-initiale-et-continue\/"]}]},{"@type":"BreadcrumbList","@id":"https:\/\/regions-snetap-fsu.fr\/idf\/en-cas-de-besoin\/formation-initiale-et-continue\/#breadcrumb","itemListElement":[{"@type":"ListItem","position":1,"name":"Accueil","item":"https:\/\/regions-snetap-fsu.fr\/idf\/"},{"@type":"ListItem","position":2,"name":"En cas de besoin","item":"https:\/\/regions-snetap-fsu.fr\/idf\/en-cas-de-besoin\/"},{"@type":"ListItem","position":3,"name":"Concours et formation continue"}]},{"@type":"WebSite","@id":"https:\/\/regions-snetap-fsu.fr\/idf\/#website","url":"https:\/\/regions-snetap-fsu.fr\/idf\/","name":"\u00ceLE-DE-FRANCE","description":"Le blog de la Section R\u00e9gionale","potentialAction":[{"@type":"SearchAction","target":{"@type":"EntryPoint","urlTemplate":"https:\/\/regions-snetap-fsu.fr\/idf\/?s={search_term_string}"},"query-input":{"@type":"PropertyValueSpecification","valueRequired":true,"valueName":"search_term_string"}}],"inLanguage":"fr-FR"}]}},"_links":{"self":[{"href":"https:\/\/regions-snetap-fsu.fr\/idf\/wp-json\/wp\/v2\/pages\/251","targetHints":{"allow":["GET"]}}],"collection":[{"href":"https:\/\/regions-snetap-fsu.fr\/idf\/wp-json\/wp\/v2\/pages"}],"about":[{"href":"https:\/\/regions-snetap-fsu.fr\/idf\/wp-json\/wp\/v2\/types\/page"}],"author":[{"embeddable":true,"href":"https:\/\/regions-snetap-fsu.fr\/idf\/wp-json\/wp\/v2\/users\/104"}],"replies":[{"embeddable":true,"href":"https:\/\/regions-snetap-fsu.fr\/idf\/wp-json\/wp\/v2\/comments?post=251"}],"version-history":[{"count":22,"href":"https:\/\/regions-snetap-fsu.fr\/idf\/wp-json\/wp\/v2\/pages\/251\/revisions"}],"predecessor-version":[{"id":929,"href":"https:\/\/regions-snetap-fsu.fr\/idf\/wp-json\/wp\/v2\/pages\/251\/revisions\/929"}],"up":[{"embeddable":true,"href":"https:\/\/regions-snetap-fsu.fr\/idf\/wp-json\/wp\/v2\/pages\/76"}],"wp:attachment":[{"href":"https:\/\/regions-snetap-fsu.fr\/idf\/wp-json\/wp\/v2\/media?parent=251"}],"wp:term":[{"taxonomy":"folder","embeddable":true,"href":"https:\/\/regions-snetap-fsu.fr\/idf\/wp-json\/wp\/v2\/folder?post=251"}],"curies":[{"name":"wp","href":"https:\/\/api.w.org\/{rel}","templated":true}]}}