{"id":1646,"date":"2023-06-28T23:04:46","date_gmt":"2023-06-28T21:04:46","guid":{"rendered":"https:\/\/regions-snetap-fsu.fr\/idf\/?page_id=1646"},"modified":"2023-06-28T23:20:49","modified_gmt":"2023-06-28T21:20:49","slug":"formation-specialisee-ministerielle","status":"publish","type":"page","link":"https:\/\/regions-snetap-fsu.fr\/idf\/formation-specialisee-ministerielle\/","title":{"rendered":"Formation sp\u00e9cialis\u00e9e minist\u00e9rielle"},"content":{"rendered":"<p>&nbsp;<\/p>\n<p><strong>28 juin 2023<\/strong><\/p>\n<p><a href=\"https:\/\/regions-snetap-fsu.fr\/idf\/wp-content\/uploads\/sites\/11\/2023\/06\/DL-FSM_0623.pdf\" target=\"_blank\" rel=\"noopener\">D\u00e9claration liminaire<\/a><\/p>\n<p><a href=\"https:\/\/regions-snetap-fsu.fr\/idf\/wp-content\/uploads\/sites\/11\/2023\/06\/2023-05-28-communique-intersyndical-FSM-du-28.06.2023.pdf\" target=\"_blank\" rel=\"noopener\">Communiqu\u00e9 intersyndical<\/a><\/p>\n<p><a href=\"https:\/\/regions-snetap-fsu.fr\/idf\/wp-content\/uploads\/sites\/11\/2023\/06\/lettre-du-19-juin-2023-au-ministre-du-agriculture.pdf\" target=\"_blank\" rel=\"noopener\">Lettre au ministre &#8211; temps syndical<\/a><\/p>\n<p>&nbsp;<\/p>\n","protected":false},"excerpt":{"rendered":"<p>&nbsp; 28 juin 2023 D\u00e9claration liminaire Communiqu\u00e9 intersyndical Lettre au ministre &#8211; temps syndical &nbsp;<\/p>\n","protected":false},"author":104,"featured_media":0,"parent":0,"menu_order":0,"comment_status":"closed","ping_status":"closed","template":"","meta":{"ocean_post_layout":"","ocean_both_sidebars_style":"","ocean_both_sidebars_content_width":0,"ocean_both_sidebars_sidebars_width":0,"ocean_sidebar":"0","ocean_second_sidebar":"0","ocean_disable_margins":"enable","ocean_add_body_class":"","ocean_shortcode_before_top_bar":"","ocean_shortcode_after_top_bar":"","ocean_shortcode_before_header":"","ocean_shortcode_after_header":"","ocean_has_shortcode":"","ocean_shortcode_after_title":"","ocean_shortcode_before_footer_widgets":"","ocean_shortcode_after_footer_widgets":"","ocean_shortcode_before_footer_bottom":"","ocean_shortcode_after_footer_bottom":"","ocean_display_top_bar":"default","ocean_display_header":"default","ocean_header_style":"","ocean_center_header_left_menu":"0","ocean_custom_header_template":"0","ocean_custom_logo":0,"ocean_custom_retina_logo":0,"ocean_custom_logo_max_width":0,"ocean_custom_logo_tablet_max_width":0,"ocean_custom_logo_mobile_max_width":0,"ocean_custom_logo_max_height":0,"ocean_custom_logo_tablet_max_height":0,"ocean_custom_logo_mobile_max_height":0,"ocean_header_custom_menu":"0","ocean_menu_typo_font_family":"0","ocean_menu_typo_font_subset":"","ocean_menu_typo_font_size":0,"ocean_menu_typo_font_size_tablet":0,"ocean_menu_typo_font_size_mobile":0,"ocean_menu_typo_font_size_unit":"px","ocean_menu_typo_font_weight":"","ocean_menu_typo_font_weight_tablet":"","ocean_menu_typo_font_weight_mobile":"","ocean_menu_typo_transform":"","ocean_menu_typo_transform_tablet":"","ocean_menu_typo_transform_mobile":"","ocean_menu_typo_line_height":0,"ocean_menu_typo_line_height_tablet":0,"ocean_menu_typo_line_height_mobile":0,"ocean_menu_typo_line_height_unit":"","ocean_menu_typo_spacing":0,"ocean_menu_typo_spacing_tablet":0,"ocean_menu_typo_spacing_mobile":0,"ocean_menu_typo_spacing_unit":"","ocean_menu_link_color":"","ocean_menu_link_color_hover":"","ocean_menu_link_color_active":"","ocean_menu_link_background":"","ocean_menu_link_hover_background":"","ocean_menu_link_active_background":"","ocean_menu_social_links_bg":"","ocean_menu_social_hover_links_bg":"","ocean_menu_social_links_color":"","ocean_menu_social_hover_links_color":"","ocean_disable_title":"default","ocean_disable_heading":"default","ocean_post_title":"","ocean_post_subheading":"","ocean_post_title_style":"","ocean_post_title_background_color":"","ocean_post_title_background":0,"ocean_post_title_bg_image_position":"","ocean_post_title_bg_image_attachment":"","ocean_post_title_bg_image_repeat":"","ocean_post_title_bg_image_size":"","ocean_post_title_height":0,"ocean_post_title_bg_overlay":0.5,"ocean_post_title_bg_overlay_color":"","ocean_disable_breadcrumbs":"default","ocean_breadcrumbs_color":"","ocean_breadcrumbs_separator_color":"","ocean_breadcrumbs_links_color":"","ocean_breadcrumbs_links_hover_color":"","ocean_display_footer_widgets":"default","ocean_display_footer_bottom":"default","ocean_custom_footer_template":"0","footnotes":""},"folder":[],"class_list":["post-1646","page","type-page","status-publish","hentry","entry"],"yoast_head":"<!-- This site is optimized with the Yoast SEO plugin v27.4 - https:\/\/yoast.com\/product\/yoast-seo-wordpress\/ -->\n<title>Formation sp\u00e9cialis\u00e9e minist\u00e9rielle - \u00ceLE-DE-FRANCE<\/title>\n<meta name=\"robots\" content=\"index, follow, max-snippet:-1, max-image-preview:large, max-video-preview:-1\" \/>\n<link rel=\"canonical\" href=\"https:\/\/regions-snetap-fsu.fr\/idf\/formation-specialisee-ministerielle\/\" \/>\n<meta property=\"og:locale\" content=\"fr_FR\" \/>\n<meta property=\"og:type\" content=\"article\" \/>\n<meta property=\"og:title\" content=\"Formation sp\u00e9cialis\u00e9e minist\u00e9rielle - \u00ceLE-DE-FRANCE\" \/>\n<meta property=\"og:description\" content=\"&nbsp; 28 juin 2023 D\u00e9claration liminaire Communiqu\u00e9 intersyndical Lettre au ministre &#8211; temps syndical &nbsp;\" \/>\n<meta property=\"og:url\" content=\"https:\/\/regions-snetap-fsu.fr\/idf\/formation-specialisee-ministerielle\/\" \/>\n<meta property=\"og:site_name\" content=\"\u00ceLE-DE-FRANCE\" \/>\n<meta property=\"article:modified_time\" content=\"2023-06-28T21:20:49+00:00\" \/>\n<meta name=\"twitter:card\" content=\"summary_large_image\" \/>\n<script type=\"application\/ld+json\" class=\"yoast-schema-graph\">{\"@context\":\"https:\\\/\\\/schema.org\",\"@graph\":[{\"@type\":\"WebPage\",\"@id\":\"https:\\\/\\\/regions-snetap-fsu.fr\\\/idf\\\/formation-specialisee-ministerielle\\\/\",\"url\":\"https:\\\/\\\/regions-snetap-fsu.fr\\\/idf\\\/formation-specialisee-ministerielle\\\/\",\"name\":\"Formation sp\u00e9cialis\u00e9e minist\u00e9rielle - \u00ceLE-DE-FRANCE\",\"isPartOf\":{\"@id\":\"https:\\\/\\\/regions-snetap-fsu.fr\\\/idf\\\/#website\"},\"datePublished\":\"2023-06-28T21:04:46+00:00\",\"dateModified\":\"2023-06-28T21:20:49+00:00\",\"breadcrumb\":{\"@id\":\"https:\\\/\\\/regions-snetap-fsu.fr\\\/idf\\\/formation-specialisee-ministerielle\\\/#breadcrumb\"},\"inLanguage\":\"fr-FR\",\"potentialAction\":[{\"@type\":\"ReadAction\",\"target\":[\"https:\\\/\\\/regions-snetap-fsu.fr\\\/idf\\\/formation-specialisee-ministerielle\\\/\"]}]},{\"@type\":\"BreadcrumbList\",\"@id\":\"https:\\\/\\\/regions-snetap-fsu.fr\\\/idf\\\/formation-specialisee-ministerielle\\\/#breadcrumb\",\"itemListElement\":[{\"@type\":\"ListItem\",\"position\":1,\"name\":\"Accueil\",\"item\":\"https:\\\/\\\/regions-snetap-fsu.fr\\\/idf\\\/\"},{\"@type\":\"ListItem\",\"position\":2,\"name\":\"Formation sp\u00e9cialis\u00e9e minist\u00e9rielle\"}]},{\"@type\":\"WebSite\",\"@id\":\"https:\\\/\\\/regions-snetap-fsu.fr\\\/idf\\\/#website\",\"url\":\"https:\\\/\\\/regions-snetap-fsu.fr\\\/idf\\\/\",\"name\":\"\u00ceLE-DE-FRANCE\",\"description\":\"Le blog de la Section R\u00e9gionale\",\"potentialAction\":[{\"@type\":\"SearchAction\",\"target\":{\"@type\":\"EntryPoint\",\"urlTemplate\":\"https:\\\/\\\/regions-snetap-fsu.fr\\\/idf\\\/?s={search_term_string}\"},\"query-input\":{\"@type\":\"PropertyValueSpecification\",\"valueRequired\":true,\"valueName\":\"search_term_string\"}}],\"inLanguage\":\"fr-FR\"}]}<\/script>\n<!-- \/ Yoast SEO plugin. -->","yoast_head_json":{"title":"Formation sp\u00e9cialis\u00e9e minist\u00e9rielle - \u00ceLE-DE-FRANCE","robots":{"index":"index","follow":"follow","max-snippet":"max-snippet:-1","max-image-preview":"max-image-preview:large","max-video-preview":"max-video-preview:-1"},"canonical":"https:\/\/regions-snetap-fsu.fr\/idf\/formation-specialisee-ministerielle\/","og_locale":"fr_FR","og_type":"article","og_title":"Formation sp\u00e9cialis\u00e9e minist\u00e9rielle - \u00ceLE-DE-FRANCE","og_description":"&nbsp; 28 juin 2023 D\u00e9claration liminaire Communiqu\u00e9 intersyndical Lettre au ministre &#8211; temps syndical &nbsp;","og_url":"https:\/\/regions-snetap-fsu.fr\/idf\/formation-specialisee-ministerielle\/","og_site_name":"\u00ceLE-DE-FRANCE","article_modified_time":"2023-06-28T21:20:49+00:00","twitter_card":"summary_large_image","schema":{"@context":"https:\/\/schema.org","@graph":[{"@type":"WebPage","@id":"https:\/\/regions-snetap-fsu.fr\/idf\/formation-specialisee-ministerielle\/","url":"https:\/\/regions-snetap-fsu.fr\/idf\/formation-specialisee-ministerielle\/","name":"Formation sp\u00e9cialis\u00e9e minist\u00e9rielle - \u00ceLE-DE-FRANCE","isPartOf":{"@id":"https:\/\/regions-snetap-fsu.fr\/idf\/#website"},"datePublished":"2023-06-28T21:04:46+00:00","dateModified":"2023-06-28T21:20:49+00:00","breadcrumb":{"@id":"https:\/\/regions-snetap-fsu.fr\/idf\/formation-specialisee-ministerielle\/#breadcrumb"},"inLanguage":"fr-FR","potentialAction":[{"@type":"ReadAction","target":["https:\/\/regions-snetap-fsu.fr\/idf\/formation-specialisee-ministerielle\/"]}]},{"@type":"BreadcrumbList","@id":"https:\/\/regions-snetap-fsu.fr\/idf\/formation-specialisee-ministerielle\/#breadcrumb","itemListElement":[{"@type":"ListItem","position":1,"name":"Accueil","item":"https:\/\/regions-snetap-fsu.fr\/idf\/"},{"@type":"ListItem","position":2,"name":"Formation sp\u00e9cialis\u00e9e minist\u00e9rielle"}]},{"@type":"WebSite","@id":"https:\/\/regions-snetap-fsu.fr\/idf\/#website","url":"https:\/\/regions-snetap-fsu.fr\/idf\/","name":"\u00ceLE-DE-FRANCE","description":"Le blog de la Section R\u00e9gionale","potentialAction":[{"@type":"SearchAction","target":{"@type":"EntryPoint","urlTemplate":"https:\/\/regions-snetap-fsu.fr\/idf\/?s={search_term_string}"},"query-input":{"@type":"PropertyValueSpecification","valueRequired":true,"valueName":"search_term_string"}}],"inLanguage":"fr-FR"}]}},"_links":{"self":[{"href":"https:\/\/regions-snetap-fsu.fr\/idf\/wp-json\/wp\/v2\/pages\/1646","targetHints":{"allow":["GET"]}}],"collection":[{"href":"https:\/\/regions-snetap-fsu.fr\/idf\/wp-json\/wp\/v2\/pages"}],"about":[{"href":"https:\/\/regions-snetap-fsu.fr\/idf\/wp-json\/wp\/v2\/types\/page"}],"author":[{"embeddable":true,"href":"https:\/\/regions-snetap-fsu.fr\/idf\/wp-json\/wp\/v2\/users\/104"}],"replies":[{"embeddable":true,"href":"https:\/\/regions-snetap-fsu.fr\/idf\/wp-json\/wp\/v2\/comments?post=1646"}],"version-history":[{"count":5,"href":"https:\/\/regions-snetap-fsu.fr\/idf\/wp-json\/wp\/v2\/pages\/1646\/revisions"}],"predecessor-version":[{"id":1657,"href":"https:\/\/regions-snetap-fsu.fr\/idf\/wp-json\/wp\/v2\/pages\/1646\/revisions\/1657"}],"wp:attachment":[{"href":"https:\/\/regions-snetap-fsu.fr\/idf\/wp-json\/wp\/v2\/media?parent=1646"}],"wp:term":[{"taxonomy":"folder","embeddable":true,"href":"https:\/\/regions-snetap-fsu.fr\/idf\/wp-json\/wp\/v2\/folder?post=1646"}],"curies":[{"name":"wp","href":"https:\/\/api.w.org\/{rel}","templated":true}]}}

Formation spécialisée ministérielle

<p>&nbsp;</p>
<p><strong>28 juin 2023</strong></p>
<p><a href="https://regions-snetap-fsu.fr/idf/wp-content/uploads/sites/11/2023/06/DL-FSM_0623.pdf" target="_blank" rel="noopener">Déclaration liminaire</a></p>
<p><a href="https://regions-snetap-fsu.fr/idf/wp-content/uploads/sites/11/2023/06/2023-05-28-communique-intersyndical-FSM-du-28.06.2023.pdf" target="_blank" rel="noopener">Communiqué intersyndical</a></p>
<p><a href="https://regions-snetap-fsu.fr/idf/wp-content/uploads/sites/11/2023/06/lettre-du-19-juin-2023-au-ministre-du-agriculture.pdf" target="_blank" rel="noopener">Lettre au ministre &#8211; temps syndical</a></p>
<p>&nbsp;</p>

<p>&nbsp; 28 juin 2023 Déclaration liminaire Communiqué intersyndical Lettre au ministre &#8211; temps syndical &nbsp;</p>

<!-- This site is optimized with the Yoast SEO plugin v27.4 - https://yoast.com/product/yoast-seo-wordpress/ -->
<title>Formation spécialisée ministérielle - ÎLE-DE-FRANCE</title>
<meta name="robots" content="index, follow, max-snippet:-1, max-image-preview:large, max-video-preview:-1" />
<link rel="canonical" href="https://regions-snetap-fsu.fr/idf/formation-specialisee-ministerielle/" />
<meta property="og:locale" content="fr_FR" />
<meta property="og:type" content="article" />
<meta property="og:title" content="Formation spécialisée ministérielle - ÎLE-DE-FRANCE" />
<meta property="og:description" content="&nbsp; 28 juin 2023 Déclaration liminaire Communiqué intersyndical Lettre au ministre &#8211; temps syndical &nbsp;" />
<meta property="og:url" content="https://regions-snetap-fsu.fr/idf/formation-specialisee-ministerielle/" />
<meta property="og:site_name" content="ÎLE-DE-FRANCE" />
<meta property="article:modified_time" content="2023-06-28T21:20:49+00:00" />
<meta name="twitter:card" content="summary_large_image" />
<script type="application/ld+json" class="yoast-schema-graph">{"@context":"https:\/\/schema.org","@graph":[{"@type":"WebPage","@id":"https:\/\/regions-snetap-fsu.fr\/idf\/formation-specialisee-ministerielle\/","url":"https:\/\/regions-snetap-fsu.fr\/idf\/formation-specialisee-ministerielle\/","name":"Formation spécialisée ministérielle - ÎLE-DE-FRANCE","isPartOf":{"@id":"https:\/\/regions-snetap-fsu.fr\/idf\/#website"},"datePublished":"2023-06-28T21:04:46+00:00","dateModified":"2023-06-28T21:20:49+00:00","breadcrumb":{"@id":"https:\/\/regions-snetap-fsu.fr\/idf\/formation-specialisee-ministerielle\/#breadcrumb"},"inLanguage":"fr-FR","potentialAction":[{"@type":"ReadAction","target":["https:\/\/regions-snetap-fsu.fr\/idf\/formation-specialisee-ministerielle\/"]}]},{"@type":"BreadcrumbList","@id":"https:\/\/regions-snetap-fsu.fr\/idf\/formation-specialisee-ministerielle\/#breadcrumb","itemListElement":[{"@type":"ListItem","position":1,"name":"Accueil","item":"https:\/\/regions-snetap-fsu.fr\/idf\/"},{"@type":"ListItem","position":2,"name":"Formation spécialisée ministérielle"}]},{"@type":"WebSite","@id":"https:\/\/regions-snetap-fsu.fr\/idf\/#website","url":"https:\/\/regions-snetap-fsu.fr\/idf\/","name":"ÎLE-DE-FRANCE","description":"Le blog de la Section Régionale","potentialAction":[{"@type":"SearchAction","target":{"@type":"EntryPoint","urlTemplate":"https:\/\/regions-snetap-fsu.fr\/idf\/?s={search_term_string}"},"query-input":{"@type":"PropertyValueSpecification","valueRequired":true,"valueName":"search_term_string"}}],"inLanguage":"fr-FR"}]}</script>
<!-- / Yoast SEO plugin. -->

Formation spécialisée ministérielle - ÎLE-DE-FRANCE

&nbsp; 28 juin 2023 Déclaration liminaire Communiqué intersyndical Lettre au ministre &#8211; temps syndical &nbsp;

ÎLE-DE-FRANCE

Le blog de la Section Régionale
