{"version":"1.0","provider_name":"HAUTS-DE-FRANCE","provider_url":"https:\/\/regions-snetap-fsu.fr\/hdf","author_name":"Regis Martinage","author_url":"https:\/\/regions-snetap-fsu.fr\/hdf\/author\/r-martinage\/","title":"D\u00e9part en retraite - HAUTS-DE-FRANCE","type":"rich","width":600,"height":338,"html":"<blockquote class=\"wp-embedded-content\" data-secret=\"S1q9woLkTi\"><a href=\"https:\/\/regions-snetap-fsu.fr\/hdf\/2020\/07\/09\/depart-en-retraite\/\">D\u00e9part en retraite<\/a><\/blockquote><iframe sandbox=\"allow-scripts\" security=\"restricted\" src=\"https:\/\/regions-snetap-fsu.fr\/hdf\/2020\/07\/09\/depart-en-retraite\/embed\/#?secret=S1q9woLkTi\" width=\"600\" height=\"338\" title=\"\u00ab\u00a0D\u00e9part en retraite\u00a0\u00bb &#8212; HAUTS-DE-FRANCE\" data-secret=\"S1q9woLkTi\" frameborder=\"0\" marginwidth=\"0\" marginheight=\"0\" scrolling=\"no\" class=\"wp-embedded-content\"><\/iframe><script>\n\/*! This file is auto-generated *\/\n!function(d,l){\"use strict\";l.querySelector&&d.addEventListener&&\"undefined\"!=typeof URL&&(d.wp=d.wp||{},d.wp.receiveEmbedMessage||(d.wp.receiveEmbedMessage=function(e){var t=e.data;if((t||t.secret||t.message||t.value)&&!\/[^a-zA-Z0-9]\/.test(t.secret)){for(var s,r,n,a=l.querySelectorAll('iframe[data-secret=\"'+t.secret+'\"]'),o=l.querySelectorAll('blockquote[data-secret=\"'+t.secret+'\"]'),c=new RegExp(\"^https?:$\",\"i\"),i=0;i<o.length;i++)o[i].style.display=\"none\";for(i=0;i<a.length;i++)s=a[i],e.source===s.contentWindow&&(s.removeAttribute(\"style\"),\"height\"===t.message?(1e3<(r=parseInt(t.value,10))?r=1e3:~~r<200&&(r=200),s.height=r):\"link\"===t.message&&(r=new URL(s.getAttribute(\"src\")),n=new URL(t.value),c.test(n.protocol))&&n.host===r.host&&l.activeElement===s&&(d.top.location.href=t.value))}},d.addEventListener(\"message\",d.wp.receiveEmbedMessage,!1),l.addEventListener(\"DOMContentLoaded\",function(){for(var e,t,s=l.querySelectorAll(\"iframe.wp-embedded-content\"),r=0;r<s.length;r++)(t=(e=s[r]).getAttribute(\"data-secret\"))||(t=Math.random().toString(36).substring(2,12),e.src+=\"#?secret=\"+t,e.setAttribute(\"data-secret\",t)),e.contentWindow.postMessage({message:\"ready\",secret:t},\"*\")},!1)))}(window,document);\n\/\/# sourceURL=https:\/\/regions-snetap-fsu.fr\/hdf\/wp-includes\/js\/wp-embed.min.js\n<\/script>\n","thumbnail_url":"https:\/\/regions-snetap-fsu.fr\/hdf\/wp-content\/uploads\/sites\/5\/2020\/07\/AESH-adherer.jpg","thumbnail_width":1920,"thumbnail_height":1030,"description":"D\u00e9part en retraite Ce message concerne la syndicalisation des coll\u00e8gues devant partir en retraite, soit pour la prochaine rentr\u00e9e scolaire ou dans les semaines suivantes. En effet, des coll\u00e8gues h\u00e9sitent \u00e0 continuer leur syndicalisation au SNETAP-FSU une fois \u00e0 la retraite. Sans manifestation de leur part, ils et elles sont \u00ab\u00a0perdu-e-s\u00a0\u00bb pour le syndicat SNETAP-FSU [&hellip;]"}

Départ en retraite - HAUTS-DE-FRANCE

<blockquote class="wp-embedded-content" data-secret="S1q9woLkTi"><a href="https://regions-snetap-fsu.fr/hdf/2020/07/09/depart-en-retraite/">Départ en retraite</a></blockquote><iframe sandbox="allow-scripts" security="restricted" src="https://regions-snetap-fsu.fr/hdf/2020/07/09/depart-en-retraite/embed/#?secret=S1q9woLkTi" width="600" height="338" title="« Départ en retraite » &#8212; HAUTS-DE-FRANCE" data-secret="S1q9woLkTi" frameborder="0" marginwidth="0" marginheight="0" scrolling="no" class="wp-embedded-content"></iframe><script>
/*! This file is auto-generated */
!function(d,l){"use strict";l.querySelector&&d.addEventListener&&"undefined"!=typeof URL&&(d.wp=d.wp||{},d.wp.receiveEmbedMessage||(d.wp.receiveEmbedMessage=function(e){var t=e.data;if((t||t.secret||t.message||t.value)&&!/[^a-zA-Z0-9]/.test(t.secret)){for(var s,r,n,a=l.querySelectorAll('iframe[data-secret="'+t.secret+'"]'),o=l.querySelectorAll('blockquote[data-secret="'+t.secret+'"]'),c=new RegExp("^https?:$","i"),i=0;i<o.length;i++)o[i].style.display="none";for(i=0;i<a.length;i++)s=a[i],e.source===s.contentWindow&&(s.removeAttribute("style"),"height"===t.message?(1e3<(r=parseInt(t.value,10))?r=1e3:~~r<200&&(r=200),s.height=r):"link"===t.message&&(r=new URL(s.getAttribute("src")),n=new URL(t.value),c.test(n.protocol))&&n.host===r.host&&l.activeElement===s&&(d.top.location.href=t.value))}},d.addEventListener("message",d.wp.receiveEmbedMessage,!1),l.addEventListener("DOMContentLoaded",function(){for(var e,t,s=l.querySelectorAll("iframe.wp-embedded-content"),r=0;r<s.length;r++)(t=(e=s[r]).getAttribute("data-secret"))||(t=Math.random().toString(36).substring(2,12),e.src+="#?secret="+t,e.setAttribute("data-secret",t)),e.contentWindow.postMessage({message:"ready",secret:t},"*")},!1)))}(window,document);
//# sourceURL=https://regions-snetap-fsu.fr/hdf/wp-includes/js/wp-embed.min.js
</script>

Départ en retraite Ce message concerne la syndicalisation des collègues devant partir en retraite, soit pour la prochaine rentrée scolaire ou dans les semaines suivantes. En effet, des collègues hésitent à continuer leur syndicalisation au SNETAP-FSU une fois à la retraite. Sans manifestation de leur part, ils et elles sont « perdu-e-s » pour le syndicat SNETAP-FSU [&hellip;]
