{"id":1363,"date":"2018-12-22T12:35:10","date_gmt":"2018-12-22T11:35:10","guid":{"rendered":"https:\/\/regions-snetap-fsu.fr\/hdf\/?page_id=1363"},"modified":"2018-12-22T12:35:10","modified_gmt":"2018-12-22T11:35:10","slug":"syndicalisation-retraite%c2%b7es","status":"publish","type":"page","link":"https:\/\/regions-snetap-fsu.fr\/formation\/syndicalisation-retraite%c2%b7es\/","title":{"rendered":"Syndicalisation retrait\u00e9\u00b7es"},"content":{"rendered":"<div class=\"post-entry\">\n<h2 style=\"text-align: center\"><span style=\"color: #ff0000\"><strong>Syndicalisation des retrait\u00e9\u00b7es<\/strong><\/span><\/h2>\n<p style=\"text-align: justify\"><span style=\"color: #0000ff\">Pour celles et ceux qui vont partir \u00e0 la retraite ou qui sont \u00e0 la retraite, voici les 3 arguments essentiels pour rester ou se syndiquer au SNETAP-FSU :<\/span><\/p>\n<ul>\n<li style=\"text-align: justify\"><span style=\"color: #0000ff\">La pension est un droit acquis par le travail. Ce n\u2019est pas une allocation sociale, c\u2019est un salaire continu\u00e9 qu\u2019il faut d\u00e9fendre et seules les organisations syndicales le font dont le SNETAP-FSU.<\/span><\/li>\n<li style=\"text-align: justify\"><span style=\"color: #0000ff\">Le montant de la cotisation est beaucoup plus faible que pour les actifs et il est en partie d\u00e9ductible des imp\u00f4ts*.<\/span><\/li>\n<li style=\"text-align: justify\"><span style=\"color: #0000ff\">\u00catre syndiqu\u00e9\u00b7e permet de recevoir des publications et donc de se maintenir inform\u00e9\u00b7e sur les probl\u00e8mes qui vous concernent ( bulletin des retrait\u00e9s du SNETAP-FSU, revue de la FSU, courrier des retrait\u00e9s de la FGR-FP\u2026).<\/span><\/li>\n<\/ul>\n<p style=\"text-align: justify\"><span style=\"color: #0000ff\">Avant votre d\u00e9part, n\u2019oubliez par de communiquer votre adresse personnelle au SNETAP-FSU, sinon on ne peut plus vous joindre, le SNETAP-FSU n\u2019a que les adresses des \u00e9tablissements.<\/span><\/p>\n<h3 style=\"text-align: center\"><span style=\"color: #ff0000\">Tableau des cotisations<\/span><\/h3>\n<div id=\"attachment_1356\" class=\"wp-caption aligncenter\">\n<figure id=\"attachment_1356\" aria-describedby=\"caption-attachment-1356\" style=\"width: 354px\" class=\"wp-caption aligncenter\"><img decoding=\"async\" class=\"wp-image-1356\" src=\"https:\/\/regions-snetap-fsu.fr\/hdf\/wp-content\/uploads\/sites\/5\/2018\/12\/Tableau_cotisations_retrait\u00e9s_22_1218-300x116.jpg\" alt=\"Si pas de visualisation allez \u00e0 la page d'accueil\" width=\"354\" height=\"137\" \/><figcaption id=\"caption-attachment-1356\" class=\"wp-caption-text\">Tableau des cotisations pour les retrait\u00e9\u00b7es<\/figcaption><\/figure>\n<\/div>\n<p style=\"text-align: justify\"><span style=\"color: #0000ff\">Vous pouvez aussi adh\u00e9rer en t\u00e9l\u00e9chargeant le bulletin d\u2019adh\u00e9sion ci-dessous :<\/span><\/p>\n<p><span style=\"text-decoration: underline\"><span style=\"color: #000000\"><a style=\"color: #000000;text-decoration: underline\" href=\"https:\/\/regions-snetap-fsu.fr\/hdf\/wp-content\/uploads\/sites\/5\/2018\/12\/Bulletin_adhesion_RETRAITES_21_1218.odt\" target=\"_blank\" rel=\"noopener\">Lien : Bulletin d\u2019adh\u00e9sion pour retrait\u00e9\u00b7es<\/a><\/span><\/span><\/p>\n<p class=\"western\" align=\"justify\"><span style=\"color: #ff0000\"><b>*RAPPEL\u00a0: <\/b><b>CREDIT D\u2019IMPOT<\/b><b> \u2013<\/b><b> <\/b>article 199 quater C du code g\u00e9n\u00e9ral des imp\u00f4ts<b>. <\/b>Les cotisations vers\u00e9es aux organisations syndicales repr\u00e9sentatives ouvrent droit \u00e0 un cr\u00e9dit d\u2019imp\u00f4t sur le revenu. Le cr\u00e9dit d\u2019imp\u00f4t est \u00e9gal \u00e0 66\u00a0% des cotisations vers\u00e9es<b>. Que vous soyez imposable ou non, vous b\u00e9n\u00e9ficiez d\u2019un d\u00e9gr\u00e8vement de 2\/3 du montant de votre cotisation avec remboursement pour les non-imposables par le Tr\u00e9sor Public.<\/b><\/span><\/p>\n<\/div>\n","protected":false},"excerpt":{"rendered":"<p>Syndicalisation des retrait\u00e9\u00b7es Pour celles et ceux qui vont partir \u00e0 la retraite ou qui sont \u00e0 la retraite, voici les 3 arguments essentiels pour rester ou se syndiquer au SNETAP-FSU : La pension est un droit acquis par le travail. Ce n\u2019est pas une allocation sociale, c\u2019est un salaire continu\u00e9 qu\u2019il faut d\u00e9fendre et [&hellip;]<\/p>\n","protected":false},"author":138,"featured_media":0,"parent":0,"menu_order":0,"comment_status":"closed","ping_status":"closed","template":"","meta":{"ocean_post_layout":"","ocean_both_sidebars_style":"","ocean_both_sidebars_content_width":0,"ocean_both_sidebars_sidebars_width":0,"ocean_sidebar":"","ocean_second_sidebar":"","ocean_disable_margins":"enable","ocean_add_body_class":"","ocean_shortcode_before_top_bar":"","ocean_shortcode_after_top_bar":"","ocean_shortcode_before_header":"","ocean_shortcode_after_header":"","ocean_has_shortcode":"","ocean_shortcode_after_title":"","ocean_shortcode_before_footer_widgets":"","ocean_shortcode_after_footer_widgets":"","ocean_shortcode_before_footer_bottom":"","ocean_shortcode_after_footer_bottom":"","ocean_display_top_bar":"default","ocean_display_header":"default","ocean_header_style":"","ocean_center_header_left_menu":"","ocean_custom_header_template":"","ocean_custom_logo":0,"ocean_custom_retina_logo":0,"ocean_custom_logo_max_width":0,"ocean_custom_logo_tablet_max_width":0,"ocean_custom_logo_mobile_max_width":0,"ocean_custom_logo_max_height":0,"ocean_custom_logo_tablet_max_height":0,"ocean_custom_logo_mobile_max_height":0,"ocean_header_custom_menu":"","ocean_menu_typo_font_family":"","ocean_menu_typo_font_subset":"","ocean_menu_typo_font_size":0,"ocean_menu_typo_font_size_tablet":0,"ocean_menu_typo_font_size_mobile":0,"ocean_menu_typo_font_size_unit":"px","ocean_menu_typo_font_weight":"","ocean_menu_typo_font_weight_tablet":"","ocean_menu_typo_font_weight_mobile":"","ocean_menu_typo_transform":"","ocean_menu_typo_transform_tablet":"","ocean_menu_typo_transform_mobile":"","ocean_menu_typo_line_height":0,"ocean_menu_typo_line_height_tablet":0,"ocean_menu_typo_line_height_mobile":0,"ocean_menu_typo_line_height_unit":"","ocean_menu_typo_spacing":0,"ocean_menu_typo_spacing_tablet":0,"ocean_menu_typo_spacing_mobile":0,"ocean_menu_typo_spacing_unit":"","ocean_menu_link_color":"","ocean_menu_link_color_hover":"","ocean_menu_link_color_active":"","ocean_menu_link_background":"","ocean_menu_link_hover_background":"","ocean_menu_link_active_background":"","ocean_menu_social_links_bg":"","ocean_menu_social_hover_links_bg":"","ocean_menu_social_links_color":"","ocean_menu_social_hover_links_color":"","ocean_disable_title":"default","ocean_disable_heading":"default","ocean_post_title":"","ocean_post_subheading":"","ocean_post_title_style":"","ocean_post_title_background_color":"","ocean_post_title_background":0,"ocean_post_title_bg_image_position":"","ocean_post_title_bg_image_attachment":"","ocean_post_title_bg_image_repeat":"","ocean_post_title_bg_image_size":"","ocean_post_title_height":0,"ocean_post_title_bg_overlay":0.5,"ocean_post_title_bg_overlay_color":"","ocean_disable_breadcrumbs":"default","ocean_breadcrumbs_color":"","ocean_breadcrumbs_separator_color":"","ocean_breadcrumbs_links_color":"","ocean_breadcrumbs_links_hover_color":"","ocean_display_footer_widgets":"default","ocean_display_footer_bottom":"default","ocean_custom_footer_template":"","footnotes":""},"folder":[],"class_list":["post-1363","page","type-page","status-publish","hentry","entry"],"yoast_head":"<!-- This site is optimized with the Yoast SEO plugin v27.4 - https:\/\/yoast.com\/product\/yoast-seo-wordpress\/ -->\n<title>Syndicalisation retrait\u00e9\u00b7es - Formation des sites R\u00e9gionaux du SNETAP-FSU<\/title>\n<meta name=\"robots\" content=\"index, follow, max-snippet:-1, max-image-preview:large, max-video-preview:-1\" \/>\n<link rel=\"canonical\" href=\"https:\/\/regions-snetap-fsu.fr\/formation\/syndicalisation-retraite\u00b7es\/\" \/>\n<meta property=\"og:locale\" content=\"fr_FR\" \/>\n<meta property=\"og:type\" content=\"article\" \/>\n<meta property=\"og:title\" content=\"Syndicalisation retrait\u00e9\u00b7es - Formation des sites R\u00e9gionaux du SNETAP-FSU\" \/>\n<meta property=\"og:description\" content=\"Syndicalisation des retrait\u00e9\u00b7es Pour celles et ceux qui vont partir \u00e0 la retraite ou qui sont \u00e0 la retraite, voici les 3 arguments essentiels pour rester ou se syndiquer au SNETAP-FSU : La pension est un droit acquis par le travail. Ce n\u2019est pas une allocation sociale, c\u2019est un salaire continu\u00e9 qu\u2019il faut d\u00e9fendre et [&hellip;]\" \/>\n<meta property=\"og:url\" content=\"https:\/\/regions-snetap-fsu.fr\/formation\/syndicalisation-retraite\u00b7es\/\" \/>\n<meta property=\"og:site_name\" content=\"Formation des sites R\u00e9gionaux du SNETAP-FSU\" \/>\n<meta name=\"twitter:card\" content=\"summary_large_image\" \/>\n<meta name=\"twitter:label1\" content=\"Dur\u00e9e de lecture estim\u00e9e\" \/>\n\t<meta name=\"twitter:data1\" content=\"1 minute\" \/>\n<script type=\"application\/ld+json\" class=\"yoast-schema-graph\">{\"@context\":\"https:\\\/\\\/schema.org\",\"@graph\":[{\"@type\":\"WebPage\",\"@id\":\"https:\\\/\\\/regions-snetap-fsu.fr\\\/formation\\\/syndicalisation-retraite%c2%b7es\\\/\",\"url\":\"https:\\\/\\\/regions-snetap-fsu.fr\\\/formation\\\/syndicalisation-retraite%c2%b7es\\\/\",\"name\":\"Syndicalisation retrait\u00e9\u00b7es - Formation des sites R\u00e9gionaux du SNETAP-FSU\",\"isPartOf\":{\"@id\":\"https:\\\/\\\/regions-snetap-fsu.fr\\\/formation\\\/#website\"},\"datePublished\":\"2018-12-22T11:35:10+00:00\",\"breadcrumb\":{\"@id\":\"https:\\\/\\\/regions-snetap-fsu.fr\\\/formation\\\/syndicalisation-retraite%c2%b7es\\\/#breadcrumb\"},\"inLanguage\":\"fr-FR\",\"potentialAction\":[{\"@type\":\"ReadAction\",\"target\":[\"https:\\\/\\\/regions-snetap-fsu.fr\\\/formation\\\/syndicalisation-retraite%c2%b7es\\\/\"]}]},{\"@type\":\"BreadcrumbList\",\"@id\":\"https:\\\/\\\/regions-snetap-fsu.fr\\\/formation\\\/syndicalisation-retraite%c2%b7es\\\/#breadcrumb\",\"itemListElement\":[{\"@type\":\"ListItem\",\"position\":1,\"name\":\"Accueil\",\"item\":\"https:\\\/\\\/regions-snetap-fsu.fr\\\/formation\\\/\"},{\"@type\":\"ListItem\",\"position\":2,\"name\":\"Syndicalisation retrait\u00e9\u00b7es\"}]},{\"@type\":\"WebSite\",\"@id\":\"https:\\\/\\\/regions-snetap-fsu.fr\\\/formation\\\/#website\",\"url\":\"https:\\\/\\\/regions-snetap-fsu.fr\\\/formation\\\/\",\"name\":\"Formation des sites R\u00e9gionaux du SNETAP-FSU\",\"description\":\"\",\"publisher\":{\"@id\":\"https:\\\/\\\/regions-snetap-fsu.fr\\\/formation\\\/#organization\"},\"potentialAction\":[{\"@type\":\"SearchAction\",\"target\":{\"@type\":\"EntryPoint\",\"urlTemplate\":\"https:\\\/\\\/regions-snetap-fsu.fr\\\/formation\\\/?s={search_term_string}\"},\"query-input\":{\"@type\":\"PropertyValueSpecification\",\"valueRequired\":true,\"valueName\":\"search_term_string\"}}],\"inLanguage\":\"fr-FR\"},{\"@type\":\"Organization\",\"@id\":\"https:\\\/\\\/regions-snetap-fsu.fr\\\/formation\\\/#organization\",\"name\":\"Formation des sites R\u00e9gionaux du SNETAP-FSU\",\"url\":\"https:\\\/\\\/regions-snetap-fsu.fr\\\/formation\\\/\",\"logo\":{\"@type\":\"ImageObject\",\"inLanguage\":\"fr-FR\",\"@id\":\"https:\\\/\\\/regions-snetap-fsu.fr\\\/formation\\\/#\\\/schema\\\/logo\\\/image\\\/\",\"url\":\"https:\\\/\\\/regions-snetap-fsu.fr\\\/formation\\\/wp-content\\\/uploads\\\/sites\\\/20\\\/2025\\\/04\\\/cropped-Logo_blanc_fond_transparent_1000x755.png\",\"contentUrl\":\"https:\\\/\\\/regions-snetap-fsu.fr\\\/formation\\\/wp-content\\\/uploads\\\/sites\\\/20\\\/2025\\\/04\\\/cropped-Logo_blanc_fond_transparent_1000x755.png\",\"width\":998,\"height\":689,\"caption\":\"Formation des sites R\u00e9gionaux du SNETAP-FSU\"},\"image\":{\"@id\":\"https:\\\/\\\/regions-snetap-fsu.fr\\\/formation\\\/#\\\/schema\\\/logo\\\/image\\\/\"}}]}<\/script>\n<!-- \/ Yoast SEO plugin. -->","yoast_head_json":{"title":"Syndicalisation retrait\u00e9\u00b7es - Formation des sites R\u00e9gionaux du SNETAP-FSU","robots":{"index":"index","follow":"follow","max-snippet":"max-snippet:-1","max-image-preview":"max-image-preview:large","max-video-preview":"max-video-preview:-1"},"canonical":"https:\/\/regions-snetap-fsu.fr\/formation\/syndicalisation-retraite\u00b7es\/","og_locale":"fr_FR","og_type":"article","og_title":"Syndicalisation retrait\u00e9\u00b7es - Formation des sites R\u00e9gionaux du SNETAP-FSU","og_description":"Syndicalisation des retrait\u00e9\u00b7es Pour celles et ceux qui vont partir \u00e0 la retraite ou qui sont \u00e0 la retraite, voici les 3 arguments essentiels pour rester ou se syndiquer au SNETAP-FSU : La pension est un droit acquis par le travail. Ce n\u2019est pas une allocation sociale, c\u2019est un salaire continu\u00e9 qu\u2019il faut d\u00e9fendre et [&hellip;]","og_url":"https:\/\/regions-snetap-fsu.fr\/formation\/syndicalisation-retraite\u00b7es\/","og_site_name":"Formation des sites R\u00e9gionaux du SNETAP-FSU","twitter_card":"summary_large_image","twitter_misc":{"Dur\u00e9e de lecture estim\u00e9e":"1 minute"},"schema":{"@context":"https:\/\/schema.org","@graph":[{"@type":"WebPage","@id":"https:\/\/regions-snetap-fsu.fr\/formation\/syndicalisation-retraite%c2%b7es\/","url":"https:\/\/regions-snetap-fsu.fr\/formation\/syndicalisation-retraite%c2%b7es\/","name":"Syndicalisation retrait\u00e9\u00b7es - Formation des sites R\u00e9gionaux du SNETAP-FSU","isPartOf":{"@id":"https:\/\/regions-snetap-fsu.fr\/formation\/#website"},"datePublished":"2018-12-22T11:35:10+00:00","breadcrumb":{"@id":"https:\/\/regions-snetap-fsu.fr\/formation\/syndicalisation-retraite%c2%b7es\/#breadcrumb"},"inLanguage":"fr-FR","potentialAction":[{"@type":"ReadAction","target":["https:\/\/regions-snetap-fsu.fr\/formation\/syndicalisation-retraite%c2%b7es\/"]}]},{"@type":"BreadcrumbList","@id":"https:\/\/regions-snetap-fsu.fr\/formation\/syndicalisation-retraite%c2%b7es\/#breadcrumb","itemListElement":[{"@type":"ListItem","position":1,"name":"Accueil","item":"https:\/\/regions-snetap-fsu.fr\/formation\/"},{"@type":"ListItem","position":2,"name":"Syndicalisation retrait\u00e9\u00b7es"}]},{"@type":"WebSite","@id":"https:\/\/regions-snetap-fsu.fr\/formation\/#website","url":"https:\/\/regions-snetap-fsu.fr\/formation\/","name":"Formation des sites R\u00e9gionaux du SNETAP-FSU","description":"","publisher":{"@id":"https:\/\/regions-snetap-fsu.fr\/formation\/#organization"},"potentialAction":[{"@type":"SearchAction","target":{"@type":"EntryPoint","urlTemplate":"https:\/\/regions-snetap-fsu.fr\/formation\/?s={search_term_string}"},"query-input":{"@type":"PropertyValueSpecification","valueRequired":true,"valueName":"search_term_string"}}],"inLanguage":"fr-FR"},{"@type":"Organization","@id":"https:\/\/regions-snetap-fsu.fr\/formation\/#organization","name":"Formation des sites R\u00e9gionaux du SNETAP-FSU","url":"https:\/\/regions-snetap-fsu.fr\/formation\/","logo":{"@type":"ImageObject","inLanguage":"fr-FR","@id":"https:\/\/regions-snetap-fsu.fr\/formation\/#\/schema\/logo\/image\/","url":"https:\/\/regions-snetap-fsu.fr\/formation\/wp-content\/uploads\/sites\/20\/2025\/04\/cropped-Logo_blanc_fond_transparent_1000x755.png","contentUrl":"https:\/\/regions-snetap-fsu.fr\/formation\/wp-content\/uploads\/sites\/20\/2025\/04\/cropped-Logo_blanc_fond_transparent_1000x755.png","width":998,"height":689,"caption":"Formation des sites R\u00e9gionaux du SNETAP-FSU"},"image":{"@id":"https:\/\/regions-snetap-fsu.fr\/formation\/#\/schema\/logo\/image\/"}}]}},"_links":{"self":[{"href":"https:\/\/regions-snetap-fsu.fr\/formation\/wp-json\/wp\/v2\/pages\/1363","targetHints":{"allow":["GET"]}}],"collection":[{"href":"https:\/\/regions-snetap-fsu.fr\/formation\/wp-json\/wp\/v2\/pages"}],"about":[{"href":"https:\/\/regions-snetap-fsu.fr\/formation\/wp-json\/wp\/v2\/types\/page"}],"author":[{"embeddable":true,"href":"https:\/\/regions-snetap-fsu.fr\/formation\/wp-json\/wp\/v2\/users\/138"}],"replies":[{"embeddable":true,"href":"https:\/\/regions-snetap-fsu.fr\/formation\/wp-json\/wp\/v2\/comments?post=1363"}],"version-history":[{"count":0,"href":"https:\/\/regions-snetap-fsu.fr\/formation\/wp-json\/wp\/v2\/pages\/1363\/revisions"}],"wp:attachment":[{"href":"https:\/\/regions-snetap-fsu.fr\/formation\/wp-json\/wp\/v2\/media?parent=1363"}],"wp:term":[{"taxonomy":"folder","embeddable":true,"href":"https:\/\/regions-snetap-fsu.fr\/formation\/wp-json\/wp\/v2\/folder?post=1363"}],"curies":[{"name":"wp","href":"https:\/\/api.w.org\/{rel}","templated":true}]}}