{"version":"1.0","provider_name":"CENTRE-VAL DE LOIRE","provider_url":"https:\/\/regions-snetap-fsu.fr\/cvdl","author_name":"amasson","author_url":"https:\/\/regions-snetap-fsu.fr\/cvdl\/author\/amasson\/","title":"Forte MOBILISATION \u00e0 Rennes. - CENTRE-VAL DE LOIRE","type":"rich","width":600,"height":338,"html":"<blockquote class=\"wp-embedded-content\" data-secret=\"USneNwvD2n\"><a href=\"https:\/\/regions-snetap-fsu.fr\/cvdl\/2019\/06\/19\/forte-mobilisation-a-rennes\/\">Forte MOBILISATION \u00e0 Rennes.<\/a><\/blockquote><iframe sandbox=\"allow-scripts\" security=\"restricted\" src=\"https:\/\/regions-snetap-fsu.fr\/cvdl\/2019\/06\/19\/forte-mobilisation-a-rennes\/embed\/#?secret=USneNwvD2n\" width=\"600\" height=\"338\" title=\"\u00ab\u00a0Forte MOBILISATION \u00e0 Rennes.\u00a0\u00bb &#8212; CENTRE-VAL DE LOIRE\" data-secret=\"USneNwvD2n\" frameborder=\"0\" marginwidth=\"0\" marginheight=\"0\" scrolling=\"no\" class=\"wp-embedded-content\"><\/iframe><script>\n\/*! This file is auto-generated *\/\n!function(d,l){\"use strict\";l.querySelector&&d.addEventListener&&\"undefined\"!=typeof URL&&(d.wp=d.wp||{},d.wp.receiveEmbedMessage||(d.wp.receiveEmbedMessage=function(e){var t=e.data;if((t||t.secret||t.message||t.value)&&!\/[^a-zA-Z0-9]\/.test(t.secret)){for(var s,r,n,a=l.querySelectorAll('iframe[data-secret=\"'+t.secret+'\"]'),o=l.querySelectorAll('blockquote[data-secret=\"'+t.secret+'\"]'),c=new RegExp(\"^https?:$\",\"i\"),i=0;i<o.length;i++)o[i].style.display=\"none\";for(i=0;i<a.length;i++)s=a[i],e.source===s.contentWindow&&(s.removeAttribute(\"style\"),\"height\"===t.message?(1e3<(r=parseInt(t.value,10))?r=1e3:~~r<200&&(r=200),s.height=r):\"link\"===t.message&&(r=new URL(s.getAttribute(\"src\")),n=new URL(t.value),c.test(n.protocol))&&n.host===r.host&&l.activeElement===s&&(d.top.location.href=t.value))}},d.addEventListener(\"message\",d.wp.receiveEmbedMessage,!1),l.addEventListener(\"DOMContentLoaded\",function(){for(var e,t,s=l.querySelectorAll(\"iframe.wp-embedded-content\"),r=0;r<s.length;r++)(t=(e=s[r]).getAttribute(\"data-secret\"))||(t=Math.random().toString(36).substring(2,12),e.src+=\"#?secret=\"+t,e.setAttribute(\"data-secret\",t)),e.contentWindow.postMessage({message:\"ready\",secret:t},\"*\")},!1)))}(window,document);\n\/\/# sourceURL=https:\/\/regions-snetap-fsu.fr\/cvdl\/wp-includes\/js\/wp-embed.min.js\n<\/script>\n","description":"\u00c0 l\u2019appel des organisations syndicales et notamment du SNETAP, une centaine de profs et personnels de l\u2019enseignement agricole, venus de Normandie, Bretagne, Pays de la Loire et de la R\u00e9gion Centre-Val de Loire notamment de Ch\u00e2teauroux, Tours et Vend\u00f4me, ont bloqu\u00e9 ce mardi 18 juin, \u00e0 Rennes, l\u2019acc\u00e8s au centre de correction du Bac Techno [&hellip;]","thumbnail_url":"https:\/\/regions-snetap-fsu.fr\/cvdl\/wp-content\/uploads\/sites\/10\/2019\/06\/Resized_20190618_140543-300x225.jpeg"}

Forte MOBILISATION à Rennes. - CENTRE-VAL DE LOIRE

<blockquote class="wp-embedded-content" data-secret="USneNwvD2n"><a href="https://regions-snetap-fsu.fr/cvdl/2019/06/19/forte-mobilisation-a-rennes/">Forte MOBILISATION à Rennes.</a></blockquote><iframe sandbox="allow-scripts" security="restricted" src="https://regions-snetap-fsu.fr/cvdl/2019/06/19/forte-mobilisation-a-rennes/embed/#?secret=USneNwvD2n" width="600" height="338" title="« Forte MOBILISATION à Rennes. » &#8212; CENTRE-VAL DE LOIRE" data-secret="USneNwvD2n" frameborder="0" marginwidth="0" marginheight="0" scrolling="no" class="wp-embedded-content"></iframe><script>
/*! This file is auto-generated */
!function(d,l){"use strict";l.querySelector&&d.addEventListener&&"undefined"!=typeof URL&&(d.wp=d.wp||{},d.wp.receiveEmbedMessage||(d.wp.receiveEmbedMessage=function(e){var t=e.data;if((t||t.secret||t.message||t.value)&&!/[^a-zA-Z0-9]/.test(t.secret)){for(var s,r,n,a=l.querySelectorAll('iframe[data-secret="'+t.secret+'"]'),o=l.querySelectorAll('blockquote[data-secret="'+t.secret+'"]'),c=new RegExp("^https?:$","i"),i=0;i<o.length;i++)o[i].style.display="none";for(i=0;i<a.length;i++)s=a[i],e.source===s.contentWindow&&(s.removeAttribute("style"),"height"===t.message?(1e3<(r=parseInt(t.value,10))?r=1e3:~~r<200&&(r=200),s.height=r):"link"===t.message&&(r=new URL(s.getAttribute("src")),n=new URL(t.value),c.test(n.protocol))&&n.host===r.host&&l.activeElement===s&&(d.top.location.href=t.value))}},d.addEventListener("message",d.wp.receiveEmbedMessage,!1),l.addEventListener("DOMContentLoaded",function(){for(var e,t,s=l.querySelectorAll("iframe.wp-embedded-content"),r=0;r<s.length;r++)(t=(e=s[r]).getAttribute("data-secret"))||(t=Math.random().toString(36).substring(2,12),e.src+="#?secret="+t,e.setAttribute("data-secret",t)),e.contentWindow.postMessage({message:"ready",secret:t},"*")},!1)))}(window,document);
//# sourceURL=https://regions-snetap-fsu.fr/cvdl/wp-includes/js/wp-embed.min.js
</script>

À l’appel des organisations syndicales et notamment du SNETAP, une centaine de profs et personnels de l’enseignement agricole, venus de Normandie, Bretagne, Pays de la Loire et de la Région Centre-Val de Loire notamment de Châteauroux, Tours et Vendôme, ont bloqué ce mardi 18 juin, à Rennes, l’accès au centre de correction du Bac Techno [&hellip;]
